{"id":1174,"date":"2024-04-03T22:01:07","date_gmt":"2024-04-03T20:01:07","guid":{"rendered":"https:\/\/www.ristorantevallidilanzo.eu\/?page_id=1174"},"modified":"2024-09-29T16:50:52","modified_gmt":"2024-09-29T14:50:52","slug":"oblio","status":"publish","type":"page","link":"https:\/\/www.ristorantevallidilanzo.eu\/?page_id=1174","title":{"rendered":"Oblio"},"content":{"rendered":"<p>[vc_row][vc_column width=&#8221;1\/6&#8243;][vc_single_image image=&#8221;1313&#8243; img_size=&#8221;full&#8221;][\/vc_column][vc_column width=&#8221;2\/3&#8243;][vc_custom_heading text=&#8221;L&#8217;amaro OBLIO, frutto di un lungo e accurato processo di sperimentazione, nasce da una attenta e meticolosa raccolta di erbe alpine accuratamente realizzata scegliendo specifici fiori, radici e foglie tipiche delle Alpi Graie. E sar\u00e0 proprio il carattere selvaggio e incontaminato della natura, cos\u00ec come essa si esprime in quest\u2019area montana, a venire salvaguardato nei profumi e negli aromi di questo infuso.<br \/>\nPerch\u00e9 essi assumano il giusto equilibrio, le erbe vengono raccolte a mano, ciascuna al momento pi\u00f9 opportuno, nel pieno rispetto delle antiche tradizioni locali. Sono del resto sempre queste a guidare, una volta effettuata la raccolta, la fase dell\u2019essicazione: gestita rispettando i tempi lenti della montagna, per preservare al meglio sia l\u2019intensit\u00e0 dei profumi sia i principi attivi che imprimeranno all\u2019amaro OBLIO la sua specifica identit\u00e0.<br \/>\nQueste erbe secche vengono poi messe in infusione in una base alcolica, unendo aromi e sapori in una sinfonia complessa e ricca. Il risultato \u00e8 OBLIO: un amaro che incarna lo spirito del territorio delle Alpi Graie, sintetizzandone in qualche modo l\u2019essenza con profumi e aromi che, unendo delicatezza e complessit\u00e0, consentono a chi lo sorseggia di vivere un&#8217;esperienza sensoriale a tutto campo.<br \/>\nIl sapore ricco e complesso dell\u2019amaro OBLIO appare ben percepibile nelle sue diverse sfumature. All&#8217;inizio, una dolcezza intensa e inaspettata che avvolge i sensi, quasi a creare un&#8217;illusione di morbidezza e calore. Man mano per\u00f2 che i profumi delle erbe montane emergono ad affiorare \u00e8 una sensazione olfattiva e gustativa capace di trasportarci magicamente nel profilo fatto di pendii e cime profumato di una isolata valle alpina.<br \/>\nInfine, quando la dolcezza iniziale sar\u00e0 svanita del tutto, il palato sar\u00e0 avvolto una nota finale il cui tratto amaro si connoter\u00e0 come piacevolmente persistente. E sar\u00e0 proprio questo amaro che, facendo da contrappunto ad un\u2019avvolgente morbidezza, lascer\u00e0 trapelare il vero carattere di OBLIO: intenso, deciso, con un retrogusto capace di richiamare immediatamente alla mente l\u2019essenzialit\u00e0 della montagna.<br \/>\nEd \u00e8 proprio a questa sfumatura di intensa dolcezza, resa unica dalla sua finale nuance amara, che OBLIO deve il suo nome: essa, facendoci dimenticare annebbiando i nostri sensi e facendoci dimenticare per un attimo il nostro quotidiano, risulta capace di travolgerci col suo crescendo di fragranze alpine. Di colpo ci troveremo dunque immersi nel ritmo originario della natura incontaminata, nuovamente capace di risuonare attraverso profumi e aromi nella nostra mente finalmente liberata dall\u2019incalzare del presente.&#8221; font_container=&#8221;tag:p|text_align:left|color:%23d4af37&#8243; use_theme_fonts=&#8221;yes&#8221;][\/vc_column][vc_column width=&#8221;1\/6&#8243;][\/vc_column][\/vc_row]<\/p>\n","protected":false},"excerpt":{"rendered":"<p>[vc_row][vc_column width=&#8221;1\/6&#8243;][vc_single_image image=&#8221;1313&#8243; img_size=&#8221;full&#8221;][\/vc_column][vc_column width=&#8221;2\/3&#8243;][vc_custom_heading text=&#8221;L&#8217;amaro OBLIO, frutto di un lungo e accurato processo di sperimentazione, nasce da una attenta e meticolosa raccolta di erbe alpine accuratamente realizzata scegliendo specifici fiori, radici e foglie tipiche delle Alpi Graie. E sar\u00e0 proprio il carattere selvaggio e incontaminato della natura, cos\u00ec come essa si esprime in quest\u2019area [&hellip;]<\/p>\n","protected":false},"author":1,"featured_media":0,"parent":0,"menu_order":0,"comment_status":"closed","ping_status":"closed","template":"","meta":{"_themeisle_gutenberg_block_has_review":false,"footnotes":""},"class_list":["post-1174","page","type-page","status-publish","hentry"],"jetpack_sharing_enabled":true,"_links":{"self":[{"href":"https:\/\/www.ristorantevallidilanzo.eu\/index.php?rest_route=\/wp\/v2\/pages\/1174","targetHints":{"allow":["GET"]}}],"collection":[{"href":"https:\/\/www.ristorantevallidilanzo.eu\/index.php?rest_route=\/wp\/v2\/pages"}],"about":[{"href":"https:\/\/www.ristorantevallidilanzo.eu\/index.php?rest_route=\/wp\/v2\/types\/page"}],"author":[{"embeddable":true,"href":"https:\/\/www.ristorantevallidilanzo.eu\/index.php?rest_route=\/wp\/v2\/users\/1"}],"replies":[{"embeddable":true,"href":"https:\/\/www.ristorantevallidilanzo.eu\/index.php?rest_route=%2Fwp%2Fv2%2Fcomments&post=1174"}],"version-history":[{"count":18,"href":"https:\/\/www.ristorantevallidilanzo.eu\/index.php?rest_route=\/wp\/v2\/pages\/1174\/revisions"}],"predecessor-version":[{"id":1300,"href":"https:\/\/www.ristorantevallidilanzo.eu\/index.php?rest_route=\/wp\/v2\/pages\/1174\/revisions\/1300"}],"wp:attachment":[{"href":"https:\/\/www.ristorantevallidilanzo.eu\/index.php?rest_route=%2Fwp%2Fv2%2Fmedia&parent=1174"}],"curies":[{"name":"wp","href":"https:\/\/api.w.org\/{rel}","templated":true}]}}