{"id":414,"date":"2022-11-01T21:38:59","date_gmt":"2022-11-01T20:38:59","guid":{"rendered":"https:\/\/www.ristorantevallidilanzo.eu\/?page_id=414"},"modified":"2024-08-23T11:42:16","modified_gmt":"2024-08-23T09:42:16","slug":"catering","status":"publish","type":"page","link":"https:\/\/www.ristorantevallidilanzo.eu\/?page_id=414","title":{"rendered":"Il catering"},"content":{"rendered":"<p>[vc_row full_width=&#8221;stretch_row_content_no_spaces&#8221; content_placement=&#8221;top&#8221; css=&#8221;.vc_custom_1724406136324{margin-top: -60px !important;}&#8221;][vc_column css=&#8221;.vc_custom_1724406068060{margin-top: 0px !important;}&#8221;]\n\t\t\t<!-- START il catering new REVOLUTION SLIDER 6.5.5 --><p class=\"rs-p-wp-fix\"><\/p>\n\t\t\t<rs-module-wrap id=\"rev_slider_18_1_wrapper\" data-source=\"gallery\" style=\"visibility:hidden;background:transparent;padding:0;margin:0px auto;margin-top:0;margin-bottom:0;max-width:;\">\n\t\t\t\t<rs-module id=\"rev_slider_18_1\" style=\"\" data-version=\"6.5.5\">\n\t\t\t\t\t<rs-slides>\n\t\t\t\t\t\t<rs-slide style=\"position: absolute;\" data-key=\"rs-46\" data-title=\"Slide\" data-thumb=\"\/\/www.ristorantevallidilanzo.eu\/wp-content\/uploads\/2023\/07\/2-100x50.jpeg\" data-anim=\"ms:300ms;\" data-in=\"o:0;\" data-out=\"a:false;\">\n\t\t\t\t\t\t\t<img loading=\"lazy\" decoding=\"async\" src=\"\/\/www.ristorantevallidilanzo.eu\/wp-content\/plugins\/revslider\/public\/assets\/assets\/dummy.png\" title=\"2\" width=\"1600\" height=\"720\" class=\"rev-slidebg tp-rs-img rs-lazyload\" data-lazyload=\"\/\/www.ristorantevallidilanzo.eu\/wp-content\/uploads\/2023\/07\/2.jpeg\" data-bg=\"r:repeat;\" data-no-retina>\n<!---->\t\t\t\t\t\t<\/rs-slide>\n\t\t\t\t\t\t<rs-slide style=\"position: absolute;\" data-key=\"rs-47\" data-title=\"Slide\" data-thumb=\"\/\/www.ristorantevallidilanzo.eu\/wp-content\/uploads\/2023\/07\/3-100x50.jpeg\" data-anim=\"ms:300ms;\" data-in=\"o:0;\" data-out=\"a:false;\">\n\t\t\t\t\t\t\t<img loading=\"lazy\" decoding=\"async\" src=\"\/\/www.ristorantevallidilanzo.eu\/wp-content\/plugins\/revslider\/public\/assets\/assets\/dummy.png\" title=\"3\" width=\"1600\" height=\"720\" class=\"rev-slidebg tp-rs-img rs-lazyload\" data-lazyload=\"\/\/www.ristorantevallidilanzo.eu\/wp-content\/uploads\/2023\/07\/3.jpeg\" data-no-retina>\n<!---->\t\t\t\t\t\t<\/rs-slide>\n\t\t\t\t\t\t<rs-slide style=\"position: absolute;\" data-key=\"rs-45\" data-title=\"Slide\" data-thumb=\"\/\/www.ristorantevallidilanzo.eu\/wp-content\/uploads\/2024\/08\/7-100x50.jpg\" data-anim=\"ms:300ms;\" data-in=\"o:0;\" data-out=\"a:false;\">\n\t\t\t\t\t\t\t<img loading=\"lazy\" decoding=\"async\" src=\"\/\/www.ristorantevallidilanzo.eu\/wp-content\/plugins\/revslider\/public\/assets\/assets\/dummy.png\" title=\"7\" width=\"1600\" height=\"1204\" class=\"rev-slidebg tp-rs-img rs-lazyload\" data-lazyload=\"\/\/www.ristorantevallidilanzo.eu\/wp-content\/uploads\/2024\/08\/7.jpg\" data-no-retina>\n<!---->\t\t\t\t\t\t<\/rs-slide>\n\t\t\t\t\t<\/rs-slides>\n\t\t\t\t\t<rs-static-layers><!--\n\t\t\t\t\t--><\/rs-static-layers>\n\t\t\t\t<\/rs-module>\n\t\t\t\t<script type=\"text\/javascript\">\n\t\t\t\t\tsetREVStartSize({c: 'rev_slider_18_1',rl:[1240,1024,778,480],el:[500,768,750,600],gw:[1600,1024,778,480],gh:[500,768,750,600],type:'standard',justify:'',layout:'fullwidth',mh:\"0\"});if (window.RS_MODULES!==undefined && window.RS_MODULES.modules!==undefined && window.RS_MODULES.modules[\"revslider181\"]!==undefined) {window.RS_MODULES.modules[\"revslider181\"].once = false;window.revapi18 = undefined;window.RS_MODULES.checkMinimal()}\n\t\t\t\t<\/script>\n\t\t\t<\/rs-module-wrap>\n\t\t\t<!-- END REVOLUTION SLIDER -->\n[vc_separator][\/vc_column][\/vc_row][vc_row][vc_column width=&#8221;1\/6&#8243;][vc_column_text]<\/p>\n<div style=\"width: 368px;\" class=\"wp-video\"><video class=\"wp-video-shortcode\" id=\"video-414-1\" width=\"368\" height=\"656\" loop autoplay preload=\"metadata\" controls=\"controls\"><source type=\"video\/mp4\" src=\"https:\/\/www.ristorantevallidilanzo.eu\/wp-content\/uploads\/2023\/07\/VIDEO2.mp4?_=1\" \/><a href=\"https:\/\/www.ristorantevallidilanzo.eu\/wp-content\/uploads\/2023\/07\/VIDEO2.mp4\">https:\/\/www.ristorantevallidilanzo.eu\/wp-content\/uploads\/2023\/07\/VIDEO2.mp4<\/a><\/video><\/div>\n<p>[\/vc_column_text][\/vc_column][vc_column width=&#8221;2\/3&#8243; css=&#8221;.vc_custom_1686510190455{margin-top: 20px !important;}&#8221;][vc_column_text css=&#8221;.vc_custom_1686510253435{margin-left: 0px !important;}&#8221;]<\/p>\n<h2 style=\"text-align: center;\"><span style=\"color: #d4af37;\"><strong>Lasciatevi creare il vostro evento personalizzato<\/strong><\/span><\/h2>\n<p><span style=\"color: #d4af37;\">In un momento in cui il catering oscilla tra improvvisazione e iperspecializzazione, perch\u00e9 non scegliere che a organizzare il vostro matrimonio, il vostro anniversario o la vostra festa di laurea sia, nel contesto che avrete individuato voi stessi o che vi sar\u00e0 stato consigliato, un ristorante in grado di coniugare, a tutti i livelli, qualit\u00e0 della cucina ed attenzione a ogni dettaglio? Piatti di grande eccellenza potranno cos\u00ec venire apprezzati in scenari insoliti e capaci di rendere unico l\u2019evento che avrete deciso di condividere con chi vorrete.<\/span><br \/>\n[\/vc_column_text][\/vc_column][vc_column width=&#8221;1\/6&#8243;][vc_column_text]<\/p>\n<div style=\"width: 368px;\" class=\"wp-video\"><video class=\"wp-video-shortcode\" id=\"video-414-2\" width=\"368\" height=\"656\" loop preload=\"metadata\" controls=\"controls\"><source type=\"video\/mp4\" src=\"https:\/\/www.ristorantevallidilanzo.eu\/wp-content\/uploads\/2023\/07\/VIDEO3.mp4?_=2\" \/><a href=\"https:\/\/www.ristorantevallidilanzo.eu\/wp-content\/uploads\/2023\/07\/VIDEO3.mp4\">https:\/\/www.ristorantevallidilanzo.eu\/wp-content\/uploads\/2023\/07\/VIDEO3.mp4<\/a><\/video><\/div>\n<p>[\/vc_column_text][\/vc_column][\/vc_row][vc_row][vc_column width=&#8221;1\/6&#8243;][vc_single_image image=&#8221;1186&#8243; img_size=&#8221;medium&#8221; onclick=&#8221;link_image&#8221;][\/vc_column][vc_column width=&#8221;1\/6&#8243;][vc_single_image image=&#8221;1187&#8243; img_size=&#8221;medium&#8221; onclick=&#8221;link_image&#8221;][\/vc_column][vc_column width=&#8221;1\/6&#8243;][vc_single_image image=&#8221;1188&#8243; img_size=&#8221;medium&#8221; onclick=&#8221;link_image&#8221;][\/vc_column][vc_column width=&#8221;1\/6&#8243;][vc_single_image image=&#8221;1184&#8243; img_size=&#8221;medium&#8221; onclick=&#8221;link_image&#8221;][\/vc_column][vc_column width=&#8221;1\/6&#8243;][vc_single_image image=&#8221;1183&#8243; img_size=&#8221;medium&#8221; onclick=&#8221;link_image&#8221;][\/vc_column][vc_column width=&#8221;1\/6&#8243;][vc_single_image image=&#8221;1185&#8243; img_size=&#8221;medium&#8221; onclick=&#8221;link_image&#8221;][\/vc_column][\/vc_row]<\/p>\n","protected":false},"excerpt":{"rendered":"<p>[vc_row full_width=&#8221;stretch_row_content_no_spaces&#8221; content_placement=&#8221;top&#8221; css=&#8221;.vc_custom_1724406136324{margin-top: -60px !important;}&#8221;][vc_column css=&#8221;.vc_custom_1724406068060{margin-top: 0px !important;}&#8221;][vc_separator][\/vc_column][\/vc_row][vc_row][vc_column width=&#8221;1\/6&#8243;][vc_column_text] [\/vc_column_text][\/vc_column][vc_column width=&#8221;2\/3&#8243; css=&#8221;.vc_custom_1686510190455{margin-top: 20px !important;}&#8221;][vc_column_text css=&#8221;.vc_custom_1686510253435{margin-left: 0px !important;}&#8221;] Lasciatevi creare il vostro evento personalizzato In un momento in cui il catering oscilla tra improvvisazione e iperspecializzazione, perch\u00e9 non scegliere che a organizzare il vostro matrimonio, il vostro anniversario o la vostra festa di laurea sia, [&hellip;]<\/p>\n","protected":false},"author":1,"featured_media":0,"parent":0,"menu_order":0,"comment_status":"closed","ping_status":"closed","template":"","meta":{"_themeisle_gutenberg_block_has_review":false,"footnotes":""},"class_list":["post-414","page","type-page","status-publish","hentry"],"jetpack_sharing_enabled":true,"_links":{"self":[{"href":"https:\/\/www.ristorantevallidilanzo.eu\/index.php?rest_route=\/wp\/v2\/pages\/414","targetHints":{"allow":["GET"]}}],"collection":[{"href":"https:\/\/www.ristorantevallidilanzo.eu\/index.php?rest_route=\/wp\/v2\/pages"}],"about":[{"href":"https:\/\/www.ristorantevallidilanzo.eu\/index.php?rest_route=\/wp\/v2\/types\/page"}],"author":[{"embeddable":true,"href":"https:\/\/www.ristorantevallidilanzo.eu\/index.php?rest_route=\/wp\/v2\/users\/1"}],"replies":[{"embeddable":true,"href":"https:\/\/www.ristorantevallidilanzo.eu\/index.php?rest_route=%2Fwp%2Fv2%2Fcomments&post=414"}],"version-history":[{"count":67,"href":"https:\/\/www.ristorantevallidilanzo.eu\/index.php?rest_route=\/wp\/v2\/pages\/414\/revisions"}],"predecessor-version":[{"id":1240,"href":"https:\/\/www.ristorantevallidilanzo.eu\/index.php?rest_route=\/wp\/v2\/pages\/414\/revisions\/1240"}],"wp:attachment":[{"href":"https:\/\/www.ristorantevallidilanzo.eu\/index.php?rest_route=%2Fwp%2Fv2%2Fmedia&parent=414"}],"curies":[{"name":"wp","href":"https:\/\/api.w.org\/{rel}","templated":true}]}}